20
Suppose -1 = -5*a - 6. Let h be (-4)/(a*(-4)/(-38)). Let u be 3*(85/12 - 9/12). Calculate the highest common factor of h and u.
19
Let q be (-5)/((-5)/8) - -2. Suppose 5*o + 50 = q*o. Suppose 0 = -5*a - 3*j + 659, -j - 985 = -5*a - 338. What is the greatest common divisor of a and o?
10
Let l(q) = 5*q**2 - 5. Let w = 85 - 90. Let s be l(w). What is the highest common divisor of s and 80?
40
Let c be 16128/196 + -2 + 4/(-14). What is the greatest common factor of 8920 and c?
40
Suppose 2*f + 7 - 55 = 0. Suppose -2*z - 10 = 4. Let s be 6 + (-3 - z) + (-2)/(-1). Calculate the greatest common factor of s and f.
12
Suppose -2 = -y + 16. Suppose 37*b - 7318 = -4*l, 2*l = 4*b + l - 794. Calculate the greatest common factor of b and y.
18
Let u(p) = -p**2 + 19*p + 100. Let t be -3 - (-13)/3 - 260/(-12). Let o be u(t). What is the highest common factor of 424 and o?
8
Let h = -55 + 60. Suppose -s = -2*c + h*c - 13, -2*c = -5*s + 14. What is the highest common factor of c and 15?
3
Suppose 4*k - 4*z - 32 = 8, -4*z = 4*k. Let n be (k - (-21)/(-6)) + 348/8. What is the highest common divisor of n and 45?
45
Suppose 2*h = -4, -3*w + 2*h - 4 = -w. Let c = -1 - 7. Let a be (-222)/(-4) - w/c. What is the greatest common divisor of 33 and a?
11
Suppose 20*d + 86658 = 48*d + 73*d. What is the greatest common factor of d and 390?
78
Suppose w + 2*l + 13 - 12 = 0, 9 = 5*w + 3*l. Let o be (-9)/(24/10 - w). What is the highest common factor of 3 and o?
3
Suppose 21*k - 33*k - 36 = 0. Let o(t) = -4*t - 11. Let s be o(k). What is the greatest common divisor of 59 and s?
1
Let y be (12/78 - 6138/(-1001))*14. Calculate the highest common factor of 104 and y.
8
Let l(w) = -6*w - 9. Let y be l(-8). Let x be 8*-2*(16/(-4))/(-4). Let f = y + x. What is the highest common divisor of 46 and f?
23
Suppose -2*s + 5*a + 964 = -319, -3*s - 4*a + 1959 = 0. What is the highest common divisor of s and 4484?
59
Let s = 58 - 64. Let f(j) = j**2 - 7*j - 18. Let d be f(s). Calculate the greatest common factor of 20 and d.
20
Let o(u) = 3*u - 3. Let x be o(2). Suppose -34 - 98 = -33*h. Suppose -20 = -5*q, -77 = -h*n + q - 21. Calculate the highest common factor of n and x.
3
Let o = 115 - 479. Let k be ((-294)/(-196))/(((-2)/o)/1). What is the greatest common divisor of k and 21?
21
Suppose -75*c - 415910 = -154*c - 130*c. Calculate the greatest common divisor of c and 30.
10
Let g = 356 - 286. Let v(d) = -38*d**3 + d + 1. Let c be v(-1). Let z = g - c. What is the highest common divisor of 224 and z?
32
Suppose 3*i - 39 = -3*q, 2*q - 59 = -3*q - 2*i. Let v = 2321 - 2200. Calculate the greatest common factor of v and q.
11
Let t be (143 + 2 - 9) + -11. What is the greatest common factor of 550 and t?
25
Suppose j = -c + 5*c + 46, -2*j + 56 = c. Let h be (3/6)/(5/j). Suppose -84 = -h*z - 4*p, 2*p + 76 + 14 = 4*z. What is the greatest common divisor of z and 6?
6
Suppose -4*s = 2*r - 68, -5*r - 29*s + 24*s + 135 = 0. What is the highest common factor of 164 and r?
4
Suppose -13*o + 2334 + 3979 + 14630 = 0. What is the greatest common factor of o and 358?
179
Let c = -149 - -167. Suppose -2*y + c = -y. What is the highest common divisor of 42 and y?
6
Let b = 4623 - 4085. Calculate the highest common factor of b and 14.
2
Suppose -64 = 2*c - 856. Suppose s = -3*s + c. Suppose 12 = 2*x + 3*v, 3*x = -3*v + 2*v + 25. What is the highest common divisor of s and x?
9
Let u = -140 - -140. Suppose -z + u*z = -3*t - 48, -4*z + 165 = -3*t. Calculate the greatest common factor of 52 and z.
13
Suppose -5*c = 5, c - 208 = -2*q - 49. Suppose -5*y = -3*i - 1234, 6*i - i + 1230 = 5*y. Let v = y - 216. Calculate the greatest common divisor of q and v.
16
Let o be 4/18 + 482/18. Suppose 0 = -5*c + 339*h - 335*h + 1779, 1416 = 4*c - 2*h. What is the highest common factor of o and c?
27
Let h = -25605 - -25669. Let d = -351 - -863. What is the greatest common divisor of d and h?
64
Suppose 0 = -b - u + 3, -2*b + 4*u + 5 = 5*u. Suppose -4 + 20 = s - b*m, -5*s - 4*m + 10 = 0. What is the highest common factor of 162 and s?
6
Let l be 0 + 2 + -2 - (-9)/9. Let w(f) be the second derivative of 25*f**3/3 + 2*f. Let v be w(l). Calculate the highest common factor of v and 20.
10
Let c = 45510 + -45506. Let p be (-1)/3 - (-19)/3. What is the greatest common factor of p and c?
2
Suppose 3*l + 12*t - 1153 = 7*t, 0 = -5*l + 4*t + 1971. What is the greatest common factor of 153 and l?
17
Let n(i) = 2*i**2 - 51*i - 6. Let t be n(26). Let r = -9 + 59. Calculate the highest common divisor of t and r.
10
Let a(x) = -x**2 + 19*x - 2. Let l be a(18). Let o = -12 + l. Suppose -2*r = -u + o + 15, -u + 4*r = -23. Calculate the highest common divisor of u and 30.
15
Let f = -45 - -55. Suppose 0 = -f*h + 4*h + 588. Suppose 5*l - 7*l = -h. Calculate the greatest common divisor of l and 7.
7
Let s be 150/12*(-1134)/(-35). Let t be (-14)/(-3)*s/90. What is the highest common factor of t and 714?
21
Let b = -4961 + 5753. Calculate the highest common divisor of 27 and b.
9
Suppose 3*u + 5*a = 2*u - 10, 3*u + 4*a = -8. Let y = 31 - u. Suppose -2*z = -6, 4*g = -g - 2*z + 161. What is the greatest common factor of g and y?
31
Let b(o) = o**2 - 10*o - 18. Let z(j) = j**3 - 6*j**2 + 15. Let a be z(5). Let m = 6 - a. Let u be b(m). What is the greatest common divisor of u and 6?
6
Suppose -534674 = 213*x - 1457177. Calculate the greatest common factor of 366 and x.
61
Suppose 4*p + 8*p - 2270 = -1706. Calculate the greatest common factor of p and 51136.
47
Let d = 210 - 127. Suppose 28592 = 143*b - 7015. Calculate the greatest common factor of d and b.
83
Let j = 8036 + -7988. Let v(h) = h**3 + 4*h**2 - 5*h + 6. Let b be v(-5). What is the greatest common divisor of j and b?
6
Let b be 3 + 2/(2064/342 + -6). What is the greatest common factor of 1770 and b?
30
Suppose 1155 = -12*s + 15*s. Suppose -8*x + 455 = 5*x. Calculate the greatest common factor of s and x.
35
Let b(j) = -j**3 + 36*j**2 - 4*j + 146. Let y be b(36). Let w be (y*1)/((-54)/(-1485)). Calculate the highest common divisor of 154 and w.
11
Let h = 26210 + -22129. Calculate the highest common divisor of h and 539.
77
Let s(r) = 6*r**2 - 31*r - 4. Let p be s(10). Suppose -17*l + p = -6*l. Calculate the greatest common factor of l and 52.
26
Let y(a) = 6*a + 130. Let g be y(-19). Suppose 4*n - 76 = -4*x, 8*x = -n + 4*x + g. What is the greatest common divisor of 430 and n?
10
Suppose -20*o = -11*o - 28*o + 665. Calculate the highest common factor of 1715 and o.
35
Suppose -314*g = -345*g + 13454. Calculate the greatest common factor of g and 1550.
62
Suppose -17537 + 105801 = 34*d. Calculate the greatest common divisor of d and 44.
44
Let x be (-2)/(20/(-182))*5. What is the highest common factor of x and 299?
13
Suppose 4*p - 146 = -5*x, p + 3*p + x = 170. Calculate the highest common factor of 6556 and p.
44
Let m be ((5/(125/2555) - -8) + -1)*10. What is the highest common factor of 1300 and m?
52
Suppose 3*k - 225 = 3*o, -2*k + 16*o - 11*o = -144. Suppose -k = -3*h + 13. What is the greatest common divisor of 120 and h?
30
Let n be 4*((-85)/(-10) + 6). Suppose -2*r + 1 = -3*r - 4*v, -2*r = -4*v - n. What is the highest common factor of r and 171?
19
Suppose k + 2399 = 3*v + 532, 4*v = 8*k + 2536. Calculate the greatest common divisor of 279 and v.
31
Suppose 2366 = 2*h - 5*d, -4732 = -4*h - d - 3*d. What is the highest common factor of 13 and h?
13
Suppose 99*t = 56*t + 516. What is the highest common divisor of 21 and t?
3
Let r be (-18)/(-189) - 338/21. Let m be (1 - 2) + 1 - 848/r. What is the highest common divisor of 265 and m?
53
Suppose p = -163 - 114. Let c = p + 337. Calculate the highest common divisor of 24 and c.
12
Suppose -4*n + 3*y + 513 + 1367 = 0, -3*n - 2*y = -1444. What is the highest common divisor of n and 42?
14
Let n be 14 + (-1720)/(-24)*6. What is the highest common factor of 96 and n?
12
Let h be (3 + 69/(-6))*-8. Suppose 0 = 59*b - 72*b + 221. What is the greatest common divisor of b and h?
17
Let w = -1841 + 863. Let r be (-1)/(-7) - w/14. What is the greatest common divisor of 42 and r?
14
Suppose 3*d - 54 = 126. Suppose -1607 = -6*w - 347. What is the highest common divisor of w and d?
30
Let q(o) = 2*o**3 - 4*o**2 - 6*o - 2. Let i = 43 + 